19?
109
Calculate the remainder when 477 is divided by 238.
1
Calculate the remainder when 899 is divided by 151.
144
Calculate the remainder when 1038 is divided by 464.
110
What is the remainder when 56 is divided by 43?
13
What is the remainder when 5235 is divided by 53?
41
What is the remainder when 117 is divided by 17?
15
Calculate the remainder when 30 is divided by 1.
0
Calculate the remainder when 222 is divided by 45.
42
What is the remainder when 847 is divided by 87?
64
Calculate the remainder when 1918 is divided by 113.
110
What is the remainder when 330 is divided by 52?
18
Calculate the remainder when 695 is divided by 127.
60
What is the remainder when 838 is divided by 3?
1
Calculate the remainder when 86 is divided by 16.
6
Calculate the remainder when 488 is divided by 14.
12
Calculate the remainder when 853 is divided by 79.
63
Calculate the remainder when 62 is divided by 23.
16
What is the remainder when 733 is divided by 39?
31
What is the remainder when 5184 is divided by 273?
270
Calculate the remainder when 235 is divided by 78.
1
Calculate the remainder when 566 is divided by 63.
62
What is the remainder when 250 is divided by 43?
35
Calculate the remainder when 59 is divided by 30.
29
What is the remainder when 6310 is divided by 2095?
25
Calculate the remainder when 27615 is divided by 32.
31
Calculate the remainder when 247 is divided by 83.
81
Calculate the remainder when 1845 is divided by 304.
21
What is the remainder when 284 is divided by 84?
32
Calculate the remainder when 37 is divided by 10.
7
What is the remainder when 125 is divided by 78?
47
What is the remainder when 1847 is divided by 56?
55
Calculate the remainder when 132 is divided by 123.
9
Calculate the remainder when 257 is divided by 3.
2
What is the remainder when 165 is divided by 14?
11
Calculate the remainder when 25 is divided by 6.
1
What is the remainder when 31890 is divided by 7?
5
Calculate the remainder when 2259 is divided by 130.
49
Calculate the remainder when 61 is divided by 21.
19
Calculate the remainder when 508 is divided by 33.
13
Calculate the remainder when 70 is divided by 22.
4
What is the remainder when 44 is divided by 25?
19
Calculate the remainder when 1807 is divided by 165.
157
Calculate the remainder when 617 is divided by 25.
17
Calculate the remainder when 41 is divided by 6.
5
Calculate the remainder when 1027 is divided by 339.
10
What is the remainder when 3011 is divided by 11?
8
Calculate the remainder when 3057 is divided by 22.
21
What is the remainder when 5789 is divided by 193?
192
Calculate the remainder when 232 is divided by 37.
10
What is the remainder when 64 is divided by 10?
4
What is the remainder when 2619 is divided by 30?
9
What is the remainder when 4836 is divided by 1611?
3
What is the remainder when 837 is divided by 120?
117
Calculate the remainder when 415 is divided by 135.
10
Calculate the remainder when 432 is divided by 29.
26
What is the remainder when 271 is divided by 13?
11
Calculate the remainder when 344 is divided by 58.
54
Calculate the remainder when 1986 is divided by 14.
12
Calculate the remainder when 102 is divided by 28.
18
Calculate the remainder when 373 is divided by 28.
9
Calculate the remainder when 1681 is divided by 9.
7
What is the remainder when 89 is divided by 15?
14
What is the remainder when 982 is divided by 99?
91
What is the remainder when 92 is divided by 32?
28
What is the remainder when 682 is divided by 76?
74
What is the remainder when 285 is divided by 36?
33
What is the remainder when 24217 is divided by 13?
11
What is the remainder when 1131 is divided by 374?
9
Calculate the remainder when 1220 is divided by 13.
11
Calculate the remainder when 46 is divided by 6.
4
Calculate the remainder when 706 is divided by 202.
100
Calculate the remainder when 960 is divided by 75.
60
What is the remainder when 1511 is divided by 54?
53
What is the remainder when 283 is divided by 214?
69
What is the remainder when 352 is divided by 60?
52
What is the remainder when 699 is divided by 156?
75
What is the remainder when 1348 is divided by 27?
25
What is the remainder when 917 is divided by 10?
7
Calculate the remainder when 1748 is divided by 53.
52
What is the remainder when 772 is divided by 37?
32
Calculate the remainder when 601 is divided by 156.
133
What is the remainder when 264 is divided by 99?
66
Calculate the remainder when 1132 is divided by 7.
5
What is the remainder when 1153 is divided by 68?
65
What is the remainder when 468 is divided by 120?
108
What is the remainder when 548 is divided by 9?
8
Calculate the remainder when 44 is divided by 30.
14
What is the remainder when 2241 is divided by 106?
15
What is the remainder when 145 is divided by 15?
10
What is the remainder when 80 is divided by 16?
0
Calculate the remainder when 370 is divided by 31.
29
What is the remainder when 987 is divided by 5?
2
Calculate the remainder when 90 is divided by 72.
18
What is the remainder when 77 is divided by 54?
23
What is the remainder when 11423 is divided by 14?
13
Calculate the remainder when 176 is divided by 57.
5
Calculate the remainder when 334 is divided by 119.
96
What is the remainder when 682 is divided by 177?
151
What is the remainder when 683 is divided by 297?
89
Calculate the remainder when 5034 is divided by 501.
24
Calculate the remainder when 1220 is divided by 249.
224
What is the remainder when 196 is divided by 169?
27
Calculate the remainder when 762 is divided by 45.
42
What is the remainder when 96 is divided by 9?
6
Calculate the remainder when 78 is divided by 68.
10
What is the remainder when 1166 is divided by 291?
2
What is the remainder when 200 is divided by 34?
30
What is the remainder when 457 is divided by 92?
89
What is the remainder when 95 is divided by 74?
21
What is the remainder when 187 is divided by 71?
45
Calculate the remainder when 355 is divided by 13.
4
What is the remainder when 77 is divided by 8?
5
What is the remainder when 278 is divided by 31?
30
What is the remainder when 1293 is divided by 72?
69
What is the remainder when 397 is divided by 7?
5
Calculate the remainder when 2299 is divided by 25.
24
Calculate the remainder when 275 is divided by 61.
31
What is the remainder when 382 is divided by 55?
52
Calculate the remainder when 6381 is divided by 19.
16
Calculate the remainder when 1371 is divided by 149.
30
What is the remainder when 6468 is divided by 8?
4
What is the remainder when 466 is divided by 206?
54
Calculate the remainder when 8781 is divided by 144.
141
Calculate the remainder when 44 is divided by 9.
8
What is the remainder when 1591 is divided by 304?
71
What is the remainder when 7902 is divided by 17?
14
What is the remainder when 494 is divided by 124?
122
Calculate the remainder when 389 is divided by 93.
17
Calculate the remainder when 4457 is divided by 144.
137
What is the remainder when 207 is divided by 16?
15
What is the remainder when 11928 is divided by 3976?
0
Calculate the remainder when 1607 is divided by 67.
66
Calculate the remainder when 97 is divided by 11.
9
Calculate the remainder when 58 is divided by 18.
4
Calculate the remainder when 762 is divided by 211.
129
Calculate the remainder when 62 is divided by 17.
11
Calculate the remainder when 704 is divided by 194.
122
Calculate the remainder when 53 is divided by 3.
2
What is the remainder when 374 is divided by 43?
30
Calculate the remainder when 1966 is divided by 48.
46
Calculate the remainder when 267 is divided by 10.
7
Calculate the remainder when 524 is divided by 7.
6
What is the remainder when 989 is divided by 99?
98
What is the remainder when 58 is divided by 7?
2
What is the remainder when 219 is divided by 10?
9
Calculate the remainder when 692 is divided by 101.
86
Calculate the remainder when 352 is divided by 121.
110
What is the remainder when 190 is divided by 61?
7
Calculate the remainder when 395 is divided by 17.
4
What is the remainder when 1910 is divided by 96?
86
Calculate the remainder when 144 is divided by 77.
67
Calculate the remainder when 142 is divided by 50.
42
What is the remainder when 510 is divided by 158?
36
Calculate the remainder when 144 is divided by 37.
3